{"id":12,"date":"2011-07-14T19:46:42","date_gmt":"2011-07-14T19:46:42","guid":{"rendered":"http:\/\/192.168.9.29\/Development\/TB\/?page_id=12"},"modified":"2016-12-20T15:03:22","modified_gmt":"2016-12-20T15:03:22","slug":"instalacoes","status":"publish","type":"page","link":"https:\/\/www.fozcanis.pt\/2016\/hospital\/instalacoes\/","title":{"rendered":"Instala\u00e7\u00f5es"},"content":{"rendered":"<div class=\"row \"><div class=\"span12 \">O <em>FozCanis<\/em> est\u00e1 situado numa encosta soalheira da Serra da Boa Viagem, junto ao mar, freguesia de Buarcos, na Figueira da Foz.<\/p>\n<p>Localizado numa zona de reduzida densidade populacional e boa \u00e1rea de estacionamento, o Hospital Veterin\u00e1rio possui um acesso f\u00e1cil e r\u00e1pido a partir de qualquer ponto da cidade.<\/p>\n<p>O <em>FozCanis<\/em> \u00e9 formado pelas seguintes unidades:<\/div><\/div><!-- .row (end) -->\n<div class=\"row \"><div class=\"span12 \"><p><img decoding=\"async\" class=\"aligncenter\" src=\"http:\/\/www.fozcanis.pt\/2016\/wp-content\/uploads\/2016\/09\/planta2016.png\" alt=\"\" border=\"0\" \/><\/p><\/div><\/div><!-- .row (end) -->\n<div class=\"row \"><div class=\"span6 \"><h5>(1) Sala de espera<\/h5>\n<p><img decoding=\"async\" src=\"http:\/\/www.fozcanis.pt\/2016\/wp-content\/uploads\/2016\/12\/IMG_3081.jpg\" alt=\"SalaEspera\" width=\"500\" border=\"0\" \/><br \/><\/div><div class=\"span6 \"><h5>(2) Recep\u00e7\u00e3o<\/h5>\n<p><img decoding=\"async\" src=\"http:\/\/www.fozcanis.pt\/2016\/wp-content\/uploads\/2016\/12\/IMG_3018.jpg\" alt=\"Recepcao\" width=\"500\" border=\"0\" \/><br \/><\/div><\/div><!-- .row (end) -->\n<div class=\"row \"><div class=\"span12 \"><h5>(3) Consult\u00f3rios<\/h5>\n<p>Desenhados de forma pr\u00e1tica e conveniente, de modo a evitar encontros indesejados entre pacientes.<\/p>\n<p>&nbsp;<\/p><\/div><\/div><!-- .row (end) -->\n<div class=\"row \"><div class=\"span6 \"><h5>(4) Sala de RX Digital<\/h5>\n<p>Sala apropriada, revestida com isolante radioactivo e equipada com a mais recente radiologia digital. Esta sala permite assegurar uma correcta protec\u00e7\u00e3o face \u00e0s radia\u00e7\u00f5es emitidas pelo aparelho, estando licenciada pela Direc\u00e7\u00e3o Geral de Sa\u00fade. Realizamos v\u00e1rios estudos radiogr\u00e1ficos, como despiste de displasia de anca e estudos contrastados do trato digestivo, urin\u00e1rio e reprodutor.<\/p>\n<p><img decoding=\"async\" src=\"http:\/\/fozcanis.pt\/novo\/images\/IMGP3402-1.JPG\" alt=\"rx\" width=\"500\" border=\"0\" \/><br \/><\/div><div class=\"span6 \"><h5>(5) Laborat\u00f3rio<\/h5>\n<p>Equipado com microsc\u00f3pio \u00f3ptico, aparelho de hemograma e bioqu\u00edmicas s\u00e9ricas, microhemat\u00f3crito, entre outros.<\/p>\n<p><img decoding=\"async\" src=\"http:\/\/fozcanis.pt\/novo\/images\/IMGP3445-1.JPG\" alt=\"Lab\" width=\"500\" border=\"0\" \/><\/p><\/div><\/div><!-- .row (end) -->\n<div class=\"row \"><div class=\"span12 \"><h5 style=\"text-align: left;\">(6) Farm\u00e1cia<\/h5>\n<p><img decoding=\"async\" class=\"alignleft\" src=\"http:\/\/fozcanis.pt\/novo\/images\/farmacia.JPG\" alt=\"Farmacia\" border=\"0\" \/><\/p>\n<h3><\/h3>\n<h3><\/h3>\n<h3><\/h3>\n<h3><\/h3>\n<h3><\/h3>\n<h3><\/h3>\n<h3><\/h3>\n<h3><\/h3>\n<h3><\/h3>\n<h3><\/h3>\n<h3><\/h3>\n<h3><\/h3>\n<h3><\/h3>\n<h3><\/h3>\n<h3><\/div><\/div><!-- .row (end) --><\/h3>\n<h5><div class=\"row \"><div class=\"span12 \">(7) Salas de Internamento<\/h5>\n<p>Uma para os animais em recupera\u00e7\u00e3o anest\u00e9sico-cir\u00fargica e doen\u00e7as n\u00e3o contagiosas (Internamento 1) e outra para animais com doen\u00e7as contagiosas (Internamento 2), equipada com um sistema de press\u00e3o negativa, ou seja, o ar que circula no interior desta sala n\u00e3o entra em contacto com o resto da cl\u00ednica.<\/p>\n<p><img decoding=\"async\" src=\"http:\/\/fozcanis.pt\/novo\/images\/internamento1.JPG\" alt=\"Internamento\" width=\"500\" border=\"0\" \/><img decoding=\"async\" src=\"http:\/\/fozcanis.pt\/novo\/images\/internamento2.JPG\" alt=\"Internamento\" width=\"500\" border=\"0\" \/><\/p><\/div><\/div><!-- .row (end) -->\n<div class=\"row \"><div class=\"span6 \"><h5>(8) Escrit\u00f3rio - Sala de reuni\u00f5es e biblioteca<\/h5><\/div><div class=\"span6 \"><h5>(9) Sala de Esteriliza\u00e7\u00e3o<\/h5><\/div><\/div><!-- .row (end) -->\n<div class=\"row \"><div class=\"span6 \"><h5>(10) Sala de Cirurgia<\/h5>\n<p>Equipada com aparelhos de monitoriza\u00e7\u00e3o anest\u00e9sica (medi\u00e7\u00e3o da press\u00e3o arterial e temperatura corporal, capnografia, pulsiox\u00edmetro, ECG, monitor de apneia, etc.), anestesia vol\u00e1til (inalat\u00f3ria), assim como o material necess\u00e1rio para variados procedimentos odontol\u00f3gicos (e.g. destartariza\u00e7\u00e3o e polimento) e de cirurgia de tecidos moles e ortop\u00e9dica.<\/p>\n<p><img decoding=\"async\" src=\"http:\/\/fozcanis.pt\/novo\/images\/cirurgia1.jpg\" alt=\"sala cirurgia\" width=\"500\" border=\"0\" \/><\/p><\/div><div class=\"span6 \"><h5>(11) Sala de Tratamentos<\/h5>\n<p>Local de prepara\u00e7\u00e3o dos animais para cirurgia, aplica\u00e7\u00e3o de pensos, administra\u00e7\u00e3o de oxig\u00e9nio, realiza\u00e7\u00e3o de nebuliza\u00e7\u00f5es, entre outros procedimentos.<\/p>\n<p><img decoding=\"async\" src=\"http:\/\/fozcanis.pt\/novo\/images\/tratamentos.JPG\" alt=\"Sala tratamentos\" border=\"0\" \/><\/p><\/div><\/div><!-- .row (end) -->\n<div class=\"row \"><div class=\"span6 \"><h5>(12) Sala de Ecografia<\/h5>\n<p>Equipada com um aparelho de ultra-sons que permite a avalia\u00e7\u00e3o, de forma n\u00e3o invasiva, de todos os \u00f3rg\u00e3os internos do seu animal. A aplica\u00e7\u00e3o de ultra-sons \u00e9 particularmente \u00fatil na avalia\u00e7\u00e3o do aparelho urogenital (diagn\u00f3stico e acompanhamento da gesta\u00e7\u00e3o, detec\u00e7\u00e3o de altera\u00e7\u00f5es vesicais ou prost\u00e1ticas).<\/p>\n<p><img decoding=\"async\" src=\"http:\/\/fozcanis.pt\/novo\/images\/ecografia.jpg\" alt=\"Ecografia\" border=\"0\" \/><\/p><\/div><div class=\"span6 \"><h5>(13) Entrada<\/h5>\n<p><img decoding=\"async\" src=\"http:\/\/fozcanis.pt\/novo\/images\/entrada1.jpg\" alt=\"entrada\" width=\"500\" border=\"0\" \/><\/p><\/div><\/div><!-- .row (end) -->\n<div class=\"row \"><div class=\"span6 \"><h5>(14) Banhos e Tosquias<\/h5>\n<p><img decoding=\"async\" src=\"http:\/\/fozcanis.pt\/novo\/images\/banhos.jpg\" alt=\"Banhos\" width=\"500\" border=\"0\" \/><\/p><\/div><div class=\"span6 \"><\/div><\/div><!-- .row (end) -->\n","protected":false},"excerpt":{"rendered":"","protected":false},"author":6,"featured_media":0,"parent":1797,"menu_order":3,"comment_status":"open","ping_status":"closed","template":"page-fullwidth.php","meta":{"footnotes":""},"class_list":["post-12","page","type-page","status-publish","hentry"],"_links":{"self":[{"href":"https:\/\/www.fozcanis.pt\/2016\/wp-json\/wp\/v2\/pages\/12","targetHints":{"allow":["GET"]}}],"collection":[{"href":"https:\/\/www.fozcanis.pt\/2016\/wp-json\/wp\/v2\/pages"}],"about":[{"href":"https:\/\/www.fozcanis.pt\/2016\/wp-json\/wp\/v2\/types\/page"}],"author":[{"embeddable":true,"href":"https:\/\/www.fozcanis.pt\/2016\/wp-json\/wp\/v2\/users\/6"}],"replies":[{"embeddable":true,"href":"https:\/\/www.fozcanis.pt\/2016\/wp-json\/wp\/v2\/comments?post=12"}],"version-history":[{"count":32,"href":"https:\/\/www.fozcanis.pt\/2016\/wp-json\/wp\/v2\/pages\/12\/revisions"}],"predecessor-version":[{"id":3490,"href":"https:\/\/www.fozcanis.pt\/2016\/wp-json\/wp\/v2\/pages\/12\/revisions\/3490"}],"up":[{"embeddable":true,"href":"https:\/\/www.fozcanis.pt\/2016\/wp-json\/wp\/v2\/pages\/1797"}],"wp:attachment":[{"href":"https:\/\/www.fozcanis.pt\/2016\/wp-json\/wp\/v2\/media?parent=12"}],"curies":[{"name":"wp","href":"https:\/\/api.w.org\/{rel}","templated":true}]}}