{"id":2,"date":"2016-04-08T12:31:08","date_gmt":"2016-04-08T12:31:08","guid":{"rendered":"http:\/\/www.fozcanis.pt\/2016\/?page_id=2"},"modified":"2018-11-19T15:35:26","modified_gmt":"2018-11-19T15:35:26","slug":"links-uteis","status":"publish","type":"page","link":"https:\/\/www.fozcanis.pt\/2016\/links-uteis\/","title":{"rendered":"Links \u00dateis"},"content":{"rendered":"<div class=\"row \"><div class=\"span4 \"><p style=\"text-align: center;\"><a href=\"https:\/\/www.omv.pt\/\"><img loading=\"lazy\" decoding=\"async\" class=\"aligncenter\" src=\"http:\/\/www.fozcanis.pt\/2016\/wp-content\/uploads\/2016\/09\/link6.jpg\" alt=\"\" width=\"200\" height=\"164\" border=\"0\" \/>Ordem dos M\u00e9dicos Veterin\u00e1rios<\/a><\/p><\/div><div class=\"span4 \"><p style=\"text-align: center;\"><a href=\"http:\/\/www.dgv.min-agricultura.pt\/portal\/page\/portal\/DGV\"><img loading=\"lazy\" decoding=\"async\" class=\"aligncenter\" src=\"http:\/\/www.fozcanis.pt\/2016\/wp-content\/uploads\/2016\/09\/link7.jpg\" alt=\"\" width=\"200\" height=\"164\" border=\"0\" \/>DGAV - Dire\u00e7\u00e3o-Geral de Alimenta\u00e7\u00e3o e Veterin\u00e1ria<\/a><\/p><\/div><div class=\"span4 \"><p style=\"text-align: center;\"><a href=\"http:\/\/findmypet.omv.pt\/\"><img loading=\"lazy\" decoding=\"async\" class=\"aligncenter\" src=\"http:\/\/www.fozcanis.pt\/2016\/wp-content\/uploads\/2016\/09\/link8.jpg\" alt=\"\" width=\"200\" height=\"164\" border=\"0\" \/>FindMyPet<\/a><\/p><\/div><\/div><!-- .row (end) -->\n<div class=\"row \"><div class=\"span4 \"><p style=\"text-align: center;\"><a href=\"http:\/\/www.cpfelinicultura.pt\/\" target=\"_blank\" rel=\"noopener\"><img loading=\"lazy\" decoding=\"async\" class=\"aligncenter\" src=\"http:\/\/www.fozcanis.pt\/assets\/images\/Fotos_texto\/link1.jpg\" alt=\"\" width=\"200\" height=\"164\" border=\"0\" \/>Clube Portugu\u00eas de Felinicultura<\/a><\/p><\/div><div class=\"span4 \"><p style=\"text-align: center;\"><a href=\"http:\/\/www.cpc.pt\/\" target=\"_blank\" rel=\"noopener\"><img loading=\"lazy\" decoding=\"async\" class=\"aligncenter\" src=\"http:\/\/www.fozcanis.pt\/assets\/images\/Fotos_texto\/link2.jpg\" alt=\"\" width=\"200\" height=\"183\" border=\"0\" \/><\/a><a href=\"http:\/\/www.cpc.pt\/\">Clube Portugu\u00eas de Canicultura<\/a><\/p><\/div><div class=\"span4 \"><p style=\"text-align: center;\"><a href=\"http:\/\/www.lpda.pt\/\" target=\"_blank\" rel=\"noopener\"><img loading=\"lazy\" decoding=\"async\" class=\"aligncenter\" src=\"http:\/\/www.fozcanis.pt\/assets\/images\/Fotos_texto\/link3.jpg\" alt=\"\" width=\"200\" height=\"184\" border=\"0\" \/><\/a><a href=\"http:\/\/www.lpda.pt\/\" target=\"_blank\" rel=\"noopener\">Liga Portuguesa dos Direitos do Animal<\/a><\/p><\/div><\/div><!-- .row (end) -->\n<div class=\"row \"><div class=\"span4 \"><p style=\"text-align: center;\"><a href=\"http:\/\/www.animalife.pt\/apaff\/\"><img loading=\"lazy\" decoding=\"async\" class=\"aligncenter\" src=\"http:\/\/www.fozcanis.pt\/2016\/wp-content\/uploads\/2016\/09\/link3.jpg\" alt=\"\" width=\"200\" height=\"116\" border=\"0\" \/><\/a><a href=\"http:\/\/www.animalife.pt\/apaff\/\" target=\"_blank\" rel=\"noopener\">Associa\u00e7\u00e3o de Protec\u00e7\u00e3o Animal da Figueira da Foz<\/a><\/p>\n<p>&nbsp;<\/p>\n<p style=\"text-align: center;\"><\/div><div class=\"span4 \"><p style=\"text-align: center;\"><a href=\"http:\/\/www.farmaciasdeservico.net\/localidade\/coimbra\/figueira_da_foz\/\" target=\"_blank\" rel=\"noopener\"><img loading=\"lazy\" decoding=\"async\" class=\"aligncenter\" src=\"http:\/\/www.fozcanis.pt\/2016\/wp-content\/uploads\/2016\/09\/link9.jpg\" alt=\"\" width=\"200\" height=\"171\" border=\"0\" \/>Farm\u00e1cias de Servi\u00e7o<\/a><\/p><\/div><\/div><!-- .row (end) -->\n","protected":false},"excerpt":{"rendered":"","protected":false},"author":6,"featured_media":0,"parent":0,"menu_order":0,"comment_status":"closed","ping_status":"open","template":"page-fullwidth.php","meta":{"footnotes":""},"class_list":["post-2","page","type-page","status-publish","hentry"],"_links":{"self":[{"href":"https:\/\/www.fozcanis.pt\/2016\/wp-json\/wp\/v2\/pages\/2","targetHints":{"allow":["GET"]}}],"collection":[{"href":"https:\/\/www.fozcanis.pt\/2016\/wp-json\/wp\/v2\/pages"}],"about":[{"href":"https:\/\/www.fozcanis.pt\/2016\/wp-json\/wp\/v2\/types\/page"}],"author":[{"embeddable":true,"href":"https:\/\/www.fozcanis.pt\/2016\/wp-json\/wp\/v2\/users\/6"}],"replies":[{"embeddable":true,"href":"https:\/\/www.fozcanis.pt\/2016\/wp-json\/wp\/v2\/comments?post=2"}],"version-history":[{"count":20,"href":"https:\/\/www.fozcanis.pt\/2016\/wp-json\/wp\/v2\/pages\/2\/revisions"}],"predecessor-version":[{"id":3555,"href":"https:\/\/www.fozcanis.pt\/2016\/wp-json\/wp\/v2\/pages\/2\/revisions\/3555"}],"wp:attachment":[{"href":"https:\/\/www.fozcanis.pt\/2016\/wp-json\/wp\/v2\/media?parent=2"}],"curies":[{"name":"wp","href":"https:\/\/api.w.org\/{rel}","templated":true}]}}