{"id":2022,"date":"2016-04-14T08:33:08","date_gmt":"2016-04-14T08:33:08","guid":{"rendered":"http:\/\/www.fozcanis.pt\/2016\/?page_id=2022"},"modified":"2016-09-15T17:26:14","modified_gmt":"2016-09-15T17:26:14","slug":"dr-ricardo-pires-aleixo","status":"publish","type":"page","link":"https:\/\/www.fozcanis.pt\/2016\/hospital\/equipa\/dr-ricardo-pires-aleixo\/","title":{"rendered":"Dr. Ricardo Pires Aleixo"},"content":{"rendered":"<p>Licenciado em Medicina Veterin\u00e1ria pela Universidade de Tr\u00e1s-os-Montes e Alto Douro, licenciatura esta iniciada em 1996 e conclu\u00edda em 2001.<\/p>\n<p>Efectuou o 6\u00ba Ano Pr\u00e1tico (Est\u00e1gio Curricular) no Hospital Veterin\u00e1rio Central, na Charneca da Caparica, entre Outubro e Dezembro de 2001. Participou em todos os servi\u00e7os do Hospital, incluindo o servi\u00e7o de Urg\u00eancias.<\/p>\n<p>Realizou um externato cl\u00ednico no University of Tenessee, College of Veterinary Medicine, nos Estados Unidos da Am\u00e9rica, Departamento de Ci\u00eancias Cl\u00ednicas de Pequenos Animais, entre Janeiro e Abril de 2002. Exerceu fun\u00e7\u00f5es nos servi\u00e7os de Medicina Interna, Neurologia, Cirurgia de Tecidos Moles\/ Ortopedia e Anestesiologia\/Cuidados Intensivos.<\/p>\n<p>O seu relat\u00f3rio final de curso foi sobre Cirurgia de Animais de Companhia com o t\u00edtulo:\"Subluxa\u00e7\u00e3o Atlantoaxial\", editado pela UTAD em 2002.<\/p>\n<p>Exerceu fun\u00e7\u00f5es de cl\u00ednico geral, cirurgi\u00e3o geral, ortopedista e neurologista, numa cl\u00ednica veterin\u00e1ria do concelho de Sesimbra, entre Julho de 2002 e Agosto de 2003.<\/p>\n<p>Ingressou no FozCanis - Hospital Veterin\u00e1rio da Figueira da Foz, em Outubro de 2003.<\/p>\n","protected":false},"excerpt":{"rendered":"Licenciado em Medicina Veterin\u00e1ria pela Universidade de Tr\u00e1s-os-Montes e Alto Douro, licenciatura esta iniciada em 1996 e conclu\u00edda em 2001. Efectuou o 6\u00ba Ano Pr\u00e1tico (Est\u00e1gio Curricular) no Hospital Veterin\u00e1rio Central, na Charneca da Caparica, entre Outubro e Dezembro de 2001. Participou em todos os servi\u00e7os do Hospital, incluindo o servi\u00e7o de Urg\u00eancias. Realizou um externato cl\u00ednico no University of&nbsp;<a href=\"https:\/\/www.fozcanis.pt\/2016\/hospital\/equipa\/dr-ricardo-pires-aleixo\/\" class=\"read-more\">Continue Reading<\/a>","protected":false},"author":6,"featured_media":0,"parent":413,"menu_order":0,"comment_status":"closed","ping_status":"closed","template":"","meta":{"footnotes":""},"class_list":["post-2022","page","type-page","status-publish","hentry"],"_links":{"self":[{"href":"https:\/\/www.fozcanis.pt\/2016\/wp-json\/wp\/v2\/pages\/2022","targetHints":{"allow":["GET"]}}],"collection":[{"href":"https:\/\/www.fozcanis.pt\/2016\/wp-json\/wp\/v2\/pages"}],"about":[{"href":"https:\/\/www.fozcanis.pt\/2016\/wp-json\/wp\/v2\/types\/page"}],"author":[{"embeddable":true,"href":"https:\/\/www.fozcanis.pt\/2016\/wp-json\/wp\/v2\/users\/6"}],"replies":[{"embeddable":true,"href":"https:\/\/www.fozcanis.pt\/2016\/wp-json\/wp\/v2\/comments?post=2022"}],"version-history":[{"count":4,"href":"https:\/\/www.fozcanis.pt\/2016\/wp-json\/wp\/v2\/pages\/2022\/revisions"}],"predecessor-version":[{"id":3230,"href":"https:\/\/www.fozcanis.pt\/2016\/wp-json\/wp\/v2\/pages\/2022\/revisions\/3230"}],"up":[{"embeddable":true,"href":"https:\/\/www.fozcanis.pt\/2016\/wp-json\/wp\/v2\/pages\/413"}],"wp:attachment":[{"href":"https:\/\/www.fozcanis.pt\/2016\/wp-json\/wp\/v2\/media?parent=2022"}],"curies":[{"name":"wp","href":"https:\/\/api.w.org\/{rel}","templated":true}]}}