{"id":2028,"date":"2016-04-14T08:34:19","date_gmt":"2016-04-14T08:34:19","guid":{"rendered":"http:\/\/www.fozcanis.pt\/2016\/?page_id=2028"},"modified":"2016-09-16T08:32:09","modified_gmt":"2016-09-16T08:32:09","slug":"dra-cristiana-viegas","status":"publish","type":"page","link":"https:\/\/www.fozcanis.pt\/2016\/hospital\/equipa\/dra-cristiana-viegas\/","title":{"rendered":"Dra. Cristiana Viegas"},"content":{"rendered":"<p>Concluiu o Mestrado Integrado em Medicina Veterin\u00e1ria pelo Instituto de Ci\u00eancias Biom\u00e9dicas Abel Salazar \u2013 Universidade do Porto, em 2010.<\/p>\n<p>Realizou o Est\u00e1gio Curricular no <strong><em>FozCanis<\/em><\/strong>, tendo abordado no seu trabalho final de curso casos cl\u00ednicos acompanhados neste hospital.<\/p>\n<p>Tem participado em diversos congressos relacionados com a pr\u00e1tica de Cl\u00ednica de Animais de Companhia.<\/p>\n<p>Tem maior interesse nas \u00e1reas de Oftalmologia e Internamento.<\/p>\n<p>Ingressou no <strong><em>FozCanis<\/em><\/strong> em 2010.<\/p>\n","protected":false},"excerpt":{"rendered":"Concluiu o Mestrado Integrado em Medicina Veterin\u00e1ria pelo Instituto de Ci\u00eancias Biom\u00e9dicas Abel Salazar \u2013 Universidade do Porto, em 2010. Realizou o Est\u00e1gio Curricular no FozCanis, tendo abordado no seu trabalho final de curso casos cl\u00ednicos acompanhados neste hospital. Tem participado em diversos congressos relacionados com a pr\u00e1tica de Cl\u00ednica de Animais de Companhia. Tem maior interesse nas \u00e1reas de&nbsp;<a href=\"https:\/\/www.fozcanis.pt\/2016\/hospital\/equipa\/dra-cristiana-viegas\/\" class=\"read-more\">Continue Reading<\/a>","protected":false},"author":6,"featured_media":0,"parent":413,"menu_order":0,"comment_status":"closed","ping_status":"closed","template":"","meta":{"footnotes":""},"class_list":["post-2028","page","type-page","status-publish","hentry"],"_links":{"self":[{"href":"https:\/\/www.fozcanis.pt\/2016\/wp-json\/wp\/v2\/pages\/2028","targetHints":{"allow":["GET"]}}],"collection":[{"href":"https:\/\/www.fozcanis.pt\/2016\/wp-json\/wp\/v2\/pages"}],"about":[{"href":"https:\/\/www.fozcanis.pt\/2016\/wp-json\/wp\/v2\/types\/page"}],"author":[{"embeddable":true,"href":"https:\/\/www.fozcanis.pt\/2016\/wp-json\/wp\/v2\/users\/6"}],"replies":[{"embeddable":true,"href":"https:\/\/www.fozcanis.pt\/2016\/wp-json\/wp\/v2\/comments?post=2028"}],"version-history":[{"count":5,"href":"https:\/\/www.fozcanis.pt\/2016\/wp-json\/wp\/v2\/pages\/2028\/revisions"}],"predecessor-version":[{"id":3245,"href":"https:\/\/www.fozcanis.pt\/2016\/wp-json\/wp\/v2\/pages\/2028\/revisions\/3245"}],"up":[{"embeddable":true,"href":"https:\/\/www.fozcanis.pt\/2016\/wp-json\/wp\/v2\/pages\/413"}],"wp:attachment":[{"href":"https:\/\/www.fozcanis.pt\/2016\/wp-json\/wp\/v2\/media?parent=2028"}],"curies":[{"name":"wp","href":"https:\/\/api.w.org\/{rel}","templated":true}]}}