{"id":2266,"date":"2016-04-14T13:51:34","date_gmt":"2016-04-14T13:51:34","guid":{"rendered":"http:\/\/www.fozcanis.pt\/2016\/?page_id=2266"},"modified":"2016-09-16T11:02:55","modified_gmt":"2016-09-16T11:02:55","slug":"vacinacao-e-desparasitacao-2","status":"publish","type":"page","link":"https:\/\/www.fozcanis.pt\/2016\/informacoes\/gatos\/vacinacao-e-desparasitacao-2\/","title":{"rendered":"Vacina\u00e7\u00e3o e Desparasita\u00e7\u00e3o 2"},"content":{"rendered":"<p>A primeira imunidade dos gatinhos \u00e9 recebida atrav\u00e9s do leite materno, sob a forma prote\u00ednas denominadas anticorpos, nas primeiras 24 a 48 horas ap\u00f3s o nascimento. Apesar da imunidade materna ser suficiente durante as primeiras semanas de vida, \u00e9 limitada pelo que o animal precisa de desenvolver a sua pr\u00f3pria imunidade de longa dura\u00e7\u00e3o.<\/p>\n<p>A vacina\u00e7\u00e3o do seu animal vai estimular o estabelecimento de uma imunidade duradoura! Contudo, enquanto os anticorpos maternos estiverem em circula\u00e7\u00e3o, estes neutralizam a efic\u00e1cia das vacinas. A aplica\u00e7\u00e3o de refor\u00e7os vacinais vai assegurar uma melhor estimula\u00e7\u00e3o da imunidade a longo prazo.<\/p>\n<p>A vacina\u00e7\u00e3o desempenha um papel essencial na protec\u00e7\u00e3o do seu animal contra de um conjunto de doen\u00e7as potencialmente fatais, sendo as mais importantes a coriza (ou complexo respirat\u00f3rio felino), a panleucop\u00e9nia, a leucemia felina e a raiva. Para ser efectiva, a vacina\u00e7\u00e3o deve seguir um esquema vacinal que pode incluir 3 injec\u00e7\u00f5es, nomeadamente \u00e0s 6-8, 12 e 16 semanas de idade, devendo ser efectuado um refor\u00e7o vacinal todos os anos.<\/p>\n<p>gatos com acesso ao exterior, principalmente, est\u00e3o em maior risco de contrair muitas doen\u00e7as infecciosas a partir de animais vadios infectados, em zaragatas ou durante o acasalamento. A leucemia felina \u00e9 uma das doen\u00e7as que frequentemente \u00e9 transmitida atrav\u00e9s de lutas, pelo que a vacina\u00e7\u00e3o face a esta doen\u00e7a deve ser aplicada em gatos com acesso \u00e0 rua.<br \/>\nA vacina\u00e7\u00e3o \u00e9 a melhor maneira de proteger o seu gato contra doen\u00e7as contagiosas e por vezes fatais!<\/p>\n<p>O plano de vacina\u00e7\u00e3o deve ser elaborado pelo seu m\u00e9dico veterin\u00e1rio e personalizado consoante o ambiente em que o seu animal vive, os riscos que enfrenta e as actividades em que participa.<br \/>\nN\u00e3o se esque\u00e7a da revacina\u00e7\u00e3o anual!<\/p>\n<p>Principais doen\u00e7as evitadas com a vacina\u00e7\u00e3o:<br \/>\nCORIZA ou Complexo Respirat\u00f3rio Felino<br \/>\nPANLEUCOP\u00c9NIA FELINA<br \/>\nLEUCEMIA FELINA (FeLV)<br \/>\nCLAMIDIOSE FELINA<br \/>\nRAIVA<\/p>\n<p>Desparasita\u00e7\u00e3o<br \/>\nOs parasitas intestinais s\u00e3o frequentes nos animais jovens (transmitidos muitas vezes atrav\u00e9s do leite materno), inclusivamente \u00e0 nascen\u00e7a, pelo que deve desparasitar o seu gatinho logo a partir das 2 semanas de idade. Como o desparasitante s\u00f3 actua nos parasitas adultos, a desparasita\u00e7\u00e3o deve ser repetida 2 a 3 semanas ap\u00f3s a primeira dose e, posteriormente, uma vez por m\u00eas at\u00e9 aos 6 meses de idade. A partir dos 6 meses deve desparasitar o seu gato no m\u00ednimo 2 vezes por ano.<\/p>\n","protected":false},"excerpt":{"rendered":"A primeira imunidade dos gatinhos \u00e9 recebida atrav\u00e9s do leite materno, sob a forma prote\u00ednas denominadas anticorpos, nas primeiras 24 a 48 horas ap\u00f3s o nascimento. Apesar da imunidade materna ser suficiente durante as primeiras semanas de vida, \u00e9 limitada pelo que o animal precisa de desenvolver a sua pr\u00f3pria imunidade de longa dura\u00e7\u00e3o. A vacina\u00e7\u00e3o do seu animal vai&nbsp;<a href=\"https:\/\/www.fozcanis.pt\/2016\/informacoes\/gatos\/vacinacao-e-desparasitacao-2\/\" class=\"read-more\">Continue Reading<\/a>","protected":false},"author":6,"featured_media":0,"parent":2255,"menu_order":0,"comment_status":"closed","ping_status":"closed","template":"page-fullwidth.php","meta":{"footnotes":""},"class_list":["post-2266","page","type-page","status-publish","hentry"],"_links":{"self":[{"href":"https:\/\/www.fozcanis.pt\/2016\/wp-json\/wp\/v2\/pages\/2266","targetHints":{"allow":["GET"]}}],"collection":[{"href":"https:\/\/www.fozcanis.pt\/2016\/wp-json\/wp\/v2\/pages"}],"about":[{"href":"https:\/\/www.fozcanis.pt\/2016\/wp-json\/wp\/v2\/types\/page"}],"author":[{"embeddable":true,"href":"https:\/\/www.fozcanis.pt\/2016\/wp-json\/wp\/v2\/users\/6"}],"replies":[{"embeddable":true,"href":"https:\/\/www.fozcanis.pt\/2016\/wp-json\/wp\/v2\/comments?post=2266"}],"version-history":[{"count":7,"href":"https:\/\/www.fozcanis.pt\/2016\/wp-json\/wp\/v2\/pages\/2266\/revisions"}],"predecessor-version":[{"id":3324,"href":"https:\/\/www.fozcanis.pt\/2016\/wp-json\/wp\/v2\/pages\/2266\/revisions\/3324"}],"up":[{"embeddable":true,"href":"https:\/\/www.fozcanis.pt\/2016\/wp-json\/wp\/v2\/pages\/2255"}],"wp:attachment":[{"href":"https:\/\/www.fozcanis.pt\/2016\/wp-json\/wp\/v2\/media?parent=2266"}],"curies":[{"name":"wp","href":"https:\/\/api.w.org\/{rel}","templated":true}]}}