{"id":3223,"date":"2016-09-15T17:18:20","date_gmt":"2016-09-15T17:18:20","guid":{"rendered":"http:\/\/www.fozcanis.pt\/2016\/?page_id=3223"},"modified":"2016-09-15T17:26:46","modified_gmt":"2016-09-15T17:26:46","slug":"dra-marlene-antunes","status":"publish","type":"page","link":"https:\/\/www.fozcanis.pt\/2016\/hospital\/equipa\/dra-marlene-antunes\/","title":{"rendered":"Dra Marlene Antunes"},"content":{"rendered":"<p>Concluiu o Mestrado Integrado em Medicina Veterin\u00e1ria pela Universidade de \u00c9vora em 2014.<\/p>\n<p>Realizou o Est\u00e1gio Curricular em cl\u00ednica de animais de companhia e exames complementares de diagn\u00f3stico no Centro de Diagn\u00f3stico Veterin\u00e1rio em Lisboa.<\/p>\n<p>Tem participado em diversos congressos relacionados com a pr\u00e1tica de Cl\u00ednica de Animais de Companhia.<\/p>\n<p>Tem maior interesse na \u00e1rea de Medicina Interna, Cardiologia e Reabilita\u00e7\u00e3o.<\/p>\n<p>Ingressou no FozCanis em 2015.<\/p>\n","protected":false},"excerpt":{"rendered":"Concluiu o Mestrado Integrado em Medicina Veterin\u00e1ria pela Universidade de \u00c9vora em 2014. Realizou o Est\u00e1gio Curricular em cl\u00ednica de animais de companhia e exames complementares de diagn\u00f3stico no Centro de Diagn\u00f3stico Veterin\u00e1rio em Lisboa. Tem participado em diversos congressos relacionados com a pr\u00e1tica de Cl\u00ednica de Animais de Companhia. Tem maior interesse na \u00e1rea de Medicina Interna, Cardiologia e&nbsp;<a href=\"https:\/\/www.fozcanis.pt\/2016\/hospital\/equipa\/dra-marlene-antunes\/\" class=\"read-more\">Continue Reading<\/a>","protected":false},"author":6,"featured_media":0,"parent":413,"menu_order":0,"comment_status":"closed","ping_status":"closed","template":"","meta":{"footnotes":""},"class_list":["post-3223","page","type-page","status-publish","hentry"],"_links":{"self":[{"href":"https:\/\/www.fozcanis.pt\/2016\/wp-json\/wp\/v2\/pages\/3223","targetHints":{"allow":["GET"]}}],"collection":[{"href":"https:\/\/www.fozcanis.pt\/2016\/wp-json\/wp\/v2\/pages"}],"about":[{"href":"https:\/\/www.fozcanis.pt\/2016\/wp-json\/wp\/v2\/types\/page"}],"author":[{"embeddable":true,"href":"https:\/\/www.fozcanis.pt\/2016\/wp-json\/wp\/v2\/users\/6"}],"replies":[{"embeddable":true,"href":"https:\/\/www.fozcanis.pt\/2016\/wp-json\/wp\/v2\/comments?post=3223"}],"version-history":[{"count":2,"href":"https:\/\/www.fozcanis.pt\/2016\/wp-json\/wp\/v2\/pages\/3223\/revisions"}],"predecessor-version":[{"id":3231,"href":"https:\/\/www.fozcanis.pt\/2016\/wp-json\/wp\/v2\/pages\/3223\/revisions\/3231"}],"up":[{"embeddable":true,"href":"https:\/\/www.fozcanis.pt\/2016\/wp-json\/wp\/v2\/pages\/413"}],"wp:attachment":[{"href":"https:\/\/www.fozcanis.pt\/2016\/wp-json\/wp\/v2\/media?parent=3223"}],"curies":[{"name":"wp","href":"https:\/\/api.w.org\/{rel}","templated":true}]}}